5
Let v be (-55)/(-45) + (-2)/9. Let a(b) = 0*b**2 - 2 + 5*b + 5*b**2 - v - b**3. Determine a(6).
-9
Let b(q) = -6*q**2 + 2*q + 2. Let y(h) be the first derivative of h**3/3 - h**2/2 + 3. Let j(g) = b(g) + 5*y(g). What is j(-4)?
-2
Suppose 8 = -4*q - 8. Let z(c) be the first derivative of c**2/2 - 4*c - 4. Calculate z(q).
-8
Let y(p) = -2*p + 7. Let j be (15 - 3)/(-1 + 3). What is y(j)?
-5
Let j(t) = -t**2 + 8*t - 7. Suppose z - 5*z + 260 = 0. Let s be z/13*12/10. Give j(s).
5
Let s(v) be the third derivative of v**5/30 + v**4/12 - v**3/6 + 30*v**2. Determine s(-3).
11
Let t(l) = l**2 - 5*l. Let v = 10 + -19. Let x = 15 + v. Suppose 3*h = x + 3. Give t(h).
-6
Let n(v) be the second derivative of v**5/60 + v**4/12 + v**2/2 + v. Let r(a) be the first derivative of n(a). Give r(2).
8
Let j(o) = -o**2 + 5*o + 7. Let d = -12 + 6. Suppose 0 = -2*k + 4*a + 36 - 4, 0 = -3*k - 3*a + 30. Let i = d + k. Give j(i).
1
Suppose 3 = -4*i + 3*s - 2, 5*i + 7 = 3*s. Let p(h) be the first derivative of 3*h**2/2 - h + 5. What is p(i)?
-7
Let o = 14 + -10. Suppose -o*g = -3 - 5. Let x(a) = 0*a - 2*a + 4*a - 3 + a**g. Give x(2).
5
Suppose -w + 5 = -0*w. Let a(z) = 9*z**2 - 2*z - 21. Let t(h) = 4*h**2 - h - 10. Let j(q) = -3*a(q) + 7*t(q). Calculate j(w).
13
Let d = 1 + 1. Let n(l) be the second derivative of 0 + 1/20*l**5 - 1/12*l**4 + 1/3*l**3 + 1/2*l**2 + 2*l. Calculate n(d).
9
Let l be (2/(-6))/(6/(-18)). Let k be 4*(4/16 - l). Let t(f) = 2 + 7*f - 4*f - f. Give t(k).
-4
Let g = 4 - 3. Let p(m) be the second derivative of m**6/120 + m**4/24 + m**3/6 + 4*m. Let i(j) be the second derivative of p(j). Determine i(g).
4
Let g(q) = -q**2 - 5*q + 1. Let r(u) = u**2 + 2*u + 3. Suppose 4*m + 12 = 2*m. Let s be r(m). Suppose 4*b + 9 = -5*v, s = -3*b + b + 5*v. What is g(b)?
-5
Let y be -2 + 9 - (4 - 0). Let a(s) = -s**3 + 4*s**2 - 3*s - 4. Determine a(y).
-4
Let x(y) be the third derivative of -y**5/60 + y**4/4 + 8*y**2. What is x(6)?
0
Let w be 116/24 + 4/24. Let x(t) = t**2 - 5*t - 5. Give x(w).
-5
Let k(a) = -33 + 8*a + 29 - 6*a. Give k(-6).
-16
Let j(l) = -3*l**2 - 2*l + 5. Let o(v) = -1. Let t = -9 - -14. Let m(b) = t*o(b) + j(b). Let y = 3 + -5. What is m(y)?
-8
Let s(x) be the third derivative of x**4/24 - 4*x**3/3 + 8*x**2. Give s(6).
-2
Let d(b) = -b - 10. Let c(y) = -3 + 3*y + 14 - 2*y. Let h(n) = -2*c(n) - 3*d(n). Calculate h(-6).
2
Let v = 1 - 2. Let q = -7 + 9. Let l(s) = q*s**2 - 9*s**3 - 4*s**2 + 4*s - 5*s + 0*s. Give l(v).
8
Let y(z) = -1 + 2 + z**2 - z - z. Suppose -2 = r - 6*r - 3*f, 0 = 3*r - 3*f - 6. Calculate y(r).
0
Let r be (-51)/(-9) - (-1)/3. Let u(p) = -5 + 0*p**2 - r*p - p**3 - 6*p**2 + p. What is u(-5)?
-5
Let r(c) = -c**2 - 4 + 0*c - 3*c + 0*c + 7. Let p(k) = 2*k + 12. Let t(l) = -2*l + 10. Let a be t(9). Let d be p(a). Give r(d).
-1
Suppose 0 = -2*g - 4*z + 16, -6*g - 22 = -11*g - 4*z. Let u(i) be the first derivative of -i**4/4 + 2*i**3/3 - 3*i**2/2 - 1. Give u(g).
-6
Suppose -o = -0 - 2. Let r be (-4)/o - (-20)/5. Suppose -f - f = -r. Let d(w) = -8*w. Calculate d(f).
-8
Let l(k) = -2*k**2 - 6 - 3*k**2 - 7*k - k**3 + 0. Let q be 57/11 + (-4)/22. Let y be q*2*6/(-15). Give l(y).
6
Let f(l) = 3*l + 7. Let z(u) = u - 17. Let x be z(12). Calculate f(x).
-8
Let m(u) = 5*u**2 - 11*u - 6. Let p(f) = 4*f**2 - 10*f - 6. Let l(d) = -5*m(d) + 6*p(d). What is l(-4)?
-2
Let k(m) = 3*m - 5 + 2 - 4 + 0. Give k(5).
8
Let x(u) = 3*u**2 - 13*u + 5. Let b = -15 + 11. Let m(w) = -2*w**2 + 7*w - 3. Let q(c) = b*x(c) - 7*m(c). Let y be q(-2). Let z(l) = 2*l - 4. Determine z(y).
2
Suppose 5*r - 3*x = 28, x + 0*x + 21 = 4*r. Let j(v) be the third derivative of -1/12*v**r + 5/24*v**4 - 1/6*v**3 + 0 + 0*v + v**2 + 1/120*v**6. Determine j(4).
3
Let l(p) = p**3 - 3*p**2 - 5*p. Let i be l(4). Let d(k) = k. Let y(a) = 2*a - 5. Let h(w) = -4*d(w) + y(w). Give h(i).
3
Suppose -o = -7 + 1. Let z(k) = -k + 1. Give z(o).
-5
Let x(i) be the first derivative of 1/3*i**3 + 5/2*i**2 + 4*i + 5. Give x(-5).
4
Suppose 10*o - 12*o = -10. Let v(k) be the first derivative of k**4/4 - 5*k**3/3 - k**2/2 + 1. Calculate v(o).
-5
Suppose 21 + 9 = -5*f. Let g(x) = x**3 + 6*x**2 + 3*x + 6. What is g(f)?
-12
Let h(k) = k**2 + k - 11. Suppose 17*g = 21*g. What is h(g)?
-11
Let x be (1/(-1))/((-7)/77). Suppose 2*a = g - 4, -2*a - x = g + 1. Let m(t) = -t**3 - 5*t**2 - 4*t + 1. Determine m(a).
1
Let d be (-3 - -2)/((-3)/(-15)). Let s(l) = 2*l**3 + 3 - 7 - 3*l**3 - 6*l**2 - 5*l. Calculate s(d).
-4
Let t(a) be the third derivative of -a**6/360 + a**5/60 + a**3/3 + a**2. Let d(m) be the first derivative of t(m). What is d(3)?
-3
Suppose -z - 4*z - i = 12, -2*z + 2*i = 12. Let c be (-24)/16*4/3. Let h(l) = -3*l + 2. Let a(s) = 4*s - 2. Let u(b) = c*a(b) + z*h(b). Determine u(0).
-2
Suppose 2*m + 2*y - 12 = 0, -m + 2*m - 12 = 2*y. Let v(b) = b - 12. Let s be v(m). Let o(t) be the second derivative of t**3/6 - 3*t**2/2 - t. Give o(s).
-7
Let c(s) = 11*s + 4*s**2 - 7*s - s**3 - 1 + 0*s**3. Let y(r) = -2*r**3 + 2*r**2 - r - 1. Let u be y(-2). Suppose -z = -6*z + u. Give c(z).
-6
Let w = -46 - -51. Let d(i) be the third derivative of -i**4/24 + 2*i**3/3 - i**2. Determine d(w).
-1
Let h(f) = -3*f - 6 + 5 + 4*f + 3. Let u(v) be the second derivative of v**4/12 - 5*v**3/6 + 2*v**2 + v. Let c be u(3). Determine h(c).
0
Let q(w) be the first derivative of -2*w**3/3 - 10. What is q(-1)?
-2
Let b(z) = z**2 - z - 1. Let r(t) = 3*t**2 - 12*t + 7. Let s(n) = 4*b(n) - r(n). Calculate s(-9).
-2
Let n be (6/(-9))/(2/(-12)). Let t(h) = 2*h**2 + h**3 + h + n*h + 3*h**2 - 4*h. Let j(i) = -2*i + 4. Let s be j(4). What is t(s)?
12
Let m(o) = 53 - 41 - 23*o + 25*o. Give m(-8).
-4
Let k be ((-27)/(-18))/((-1)/(-4)). Let r(v) = -v**2 + 7*v + 8. Calculate r(k).
14
Suppose -4 = 2*l - 8. Let v(h) = 2 - 5 + l*h - h + 4 + 5*h**2. Determine v(-1).
5
Suppose 0 = 3*x - 2*n + 10, 2*n + 25 = 3*x + 7*n. Let l(r) = r + 5. Give l(x).
5
Suppose 0 = -3*p + f - 20, -2*f + 6 + 19 = -3*p. Let w be (-3 - -2)*(p + -1). Let o(d) = 2*d - d**2 + 4*d - 7*d + 8*d - 7. Calculate o(w).
-1
Let s(v) = -v**2 + 1. Let c(r) be the second derivative of -r**4/12 + r**3 - 5*r**2/2 - 2*r. Let m be c(4). Suppose 3*q - m + 0 = 0. Determine s(q).
0
Let y(b) = b - 1. Suppose -5*x + 2*x - 12 = 0. Give y(x).
-5
Suppose 3*i = -0*i + 21. Let t be 75/21 + (-4)/i. Let d(z) = -z - 1. Let j(c) = 2*c**2 - 8*c - 5. Let w(o) = -4*d(o) + j(o). Give w(t).
5
Suppose 3*i - 27 = 5*d, -4*d - 4*i + i = 0. Let a(z) = 2*z**2 + 4*z + 3. What is a(d)?
9
Let i(a) = -a**2 + 6*a + 7. Let h be (26/78)/((-2)/(-48)). Determine i(h).
-9
Let v(d) = d**2 + d - 7. Suppose y + 0*y + 2 = 0. Let p be y/((-3)/((-18)/4)). Let z = p - -3. Calculate v(z).
-7
Suppose 52 = -0*a + 4*a. Suppose -a*p = -12*p - 1. Let j(i) = 6*i. Calculate j(p).
6
Suppose 0 = -4*w + 9*w + 30. Let v be 26/10 + 6/15. Let g(j) = -3*j + 1 + v*j + 7*j + j**2. Give g(w).
-5
Let a(c) be the third derivative of -c**6/120 - c**5/20 - c**4/12 - c**3/2 - 13*c**2. What is a(-2)?
-3
Let w(z) be the third derivative of z**5/60 + z**4/6 + z**3/3 - 18*z**2. What is w(-5)?
7
Let z(s) = s**2 - 13*s + 13. Let l(j) = j**2 - 8*j + 11. Let i be l(8). Calculate z(i).
-9
Let s(r) = r + 0*r + 0*r. Let p = 0 - -1. Calculate s(p).
1
Let c = -4 + 9. Suppose -n - 5*u = -18, 4*n - 3*u = u. Let s(z) = -z**2 + z + z**n + 4 + z - c. Calculate s(1).
1
Let g(l) = -7 - 4*l + 2*l + 3*l. Suppose 2*x = 11 - 1. Give g(x).
-2
Let n(q) = -q**2 - 4*q - 2. Let i = 55 + -58. Give n(i).
1
Suppose s - 6*s = -65. Let v(r) = -r + 10. Let m be v(s). Let p(x) = 5*x**3 - 1 + 2*x**2 + 5 - 4*x**3. Determine p(m).
-5
Let c(m) be the first derivative of m**4/4 + 5*m**3/3 + 5*m**2/2 + 2*m + 7. What is c(-4)?
-2
Let h(b) = 2*b**2 - 9*b + 2. Let i(p) = 2*p**2 - 5*p + 3. Let a be i(3). Calculate h(a).
20
Let p(k) = -81*k - 51. Let s(f) = -8*f - 5. Let i(m) = -m**2 + 2. Let t be i(0). Let o(c) = t*p(c) - 21*s(c). Determine o(-2).
-9
Let a = 7 + -1. Suppose 2*n - a = 4*n. Let p(f) = 2*f**2 - 7*f. Let j(k) = -k**2 + k. Let v(o) = -4*j(o) - p(o). Calculate v(n).
9
Let i(k) = 3*k**2 - 6*k. Let r be i(4). Let q be (2 + 1)/((-9)/r). Let m = q + 5. Let b(w) = -w**3 - 2*w**2 + 4*w - 1. Determine b(m).
-4
Let u(t) = -2*t + 4*t**3 - 15*t**3 - t**2 + 10*t**3 - 3*t**2 - 6. What is u(-4)?
2
Le